{"id":11,"date":"2025-10-16T15:11:43","date_gmt":"2025-10-16T13:11:43","guid":{"rendered":"https:\/\/sytec2025.crittm2a.com\/?page_id=11"},"modified":"2025-11-14T10:15:06","modified_gmt":"2025-11-14T09:15:06","slug":"mot-du-president","status":"publish","type":"page","link":"https:\/\/sytec2025.crittm2a.com\/?page_id=11","title":{"rendered":""},"content":{"rendered":"\n<p><em>C\u2019est avec une immense fiert\u00e9 que nous avons c\u00e9l\u00e9br\u00e9 cette ann\u00e9e les <strong>25 ans du CRITT M2A<\/strong>, \u00e0 l\u2019occasion d\u2019une \u00e9dition exceptionnelle du <strong>SYTEC 2025<\/strong>. Pour sa<strong> 15\u1d49 \u00e9dition<\/strong>, cet \u00e9v\u00e9nement d\u00e9sormais incontournable illustre le <strong>succ\u00e8s grandissant<\/strong> d\u2019un rendez-vous qui r\u00e9unit un nombre toujours plus important d\u2019acteurs du monde industriel et de la recherche autour d\u2019une m\u00eame ambition : <strong>accompagner la transition vers une mobilit\u00e9 toujours plus durable et performante.<\/strong><\/em><\/p>\n\n\n\n<p><em>Depuis plusieurs ann\u00e9es, nous avons engag\u00e9 une transformation profonde pour r\u00e9pondre aux nouveaux d\u00e9fis de l\u2019\u00e9lectromobilit\u00e9. Le <strong>SYTEC 2025<\/strong> illustre parfaitement cette dynamique : une journ\u00e9e riche d\u2019\u00e9changes, d\u2019innovations et de r\u00e9flexions autour des grands d\u00e9fis techniques de notre industrie. Les interventions et d\u00e9bats ont mis en lumi\u00e8re des avanc\u00e9es concr\u00e8tes en mati\u00e8re d&rsquo;<strong>essais batterie, d\u2019intelligence artificielle et d\u2019industrialisation de l\u2019\u00e9lectrification.<\/strong><\/em><\/p>\n\n\n\n<p><em>Le <strong>moment fort de la journ\u00e9e<\/strong> a \u00e9t\u00e9 la <strong>table ronde<\/strong> consacr\u00e9e \u00e0 \u00ab l\u2019industrialisation de l\u2019\u00e9lectrification : \u00e0 quel rythme avancer ? \u00bb, r\u00e9unissant des experts de <strong>Renault Group, Verkor, ACC  et Groupe Lempereur<\/strong>. Les \u00e9changes ont permis d\u2019aborder avec lucidit\u00e9 et ambition les enjeux de cadence, de souverainet\u00e9 et de comp\u00e9titivit\u00e9 dans la mont\u00e9e en puissance des fili\u00e8res europ\u00e9ennes.<br>Autant de r\u00e9alisations et de perspectives qui traduisent notre volont\u00e9 de<strong> rester \u00e0 la pointe de la performance, de la s\u00e9curit\u00e9 et de l\u2019innovation <\/strong>dans un secteur en pleine mutation.<\/em><\/p>\n\n\n\n<p><em>L\u2019innovation reste plus que jamais au c\u0153ur de notre strat\u00e9gie. Elle guide nos investissements, alimente notre R&amp;D et renforce nos partenariats avec les grands acteurs industriels et acad\u00e9miques. C\u2019est cette vision partag\u00e9e qui fait du <strong>CRITT M2A, avec CQM+ et MA2S<\/strong>, un groupe solide, agile et r\u00e9solument tourn\u00e9 vers l\u2019avenir.<\/em><\/p>\n\n\n\n<p><em>Je tiens \u00e0 remercier chaleureusement tous les intervenants pour la qualit\u00e9 de leurs pr\u00e9sentations et de leurs \u00e9changes, ainsi que tous les participants pour leur pr\u00e9sence et leur engagement. Merci \u00e9galement \u00e0 nos collaborateurs pour leur implication dans la r\u00e9ussite de cet \u00e9v\u00e9nement et, plus largement, dans le rayonnement de notre centre depuis 25 ans.<\/em><\/p>\n\n\n\n<p><em>Ensemble, continuons \u00e0 innover, \u00e0 anticiper et \u00e0 construire une mobilit\u00e9 plus s\u00fbre, plus performante et plus durable.<\/em><\/p>\n\n\n\n<p class=\"has-text-align-right\"><em><strong>J\u00e9r\u00f4me Bodelle<\/strong><br>Pr\u00e9sident du CRITT M2<\/em>A<\/p>\n","protected":false},"excerpt":{"rendered":"<p>C\u2019est avec une immense fiert\u00e9 que nous avons c\u00e9l\u00e9br\u00e9 cette ann\u00e9e les 25 ans du CRITT M2A, \u00e0 l\u2019occasion d\u2019une \u00e9dition exceptionnelle du SYTEC 2025. Pour sa 15\u1d49 \u00e9dition, cet &#8230;<\/p>\n","protected":false},"author":2,"featured_media":0,"parent":0,"menu_order":0,"comment_status":"closed","ping_status":"closed","template":"","meta":{"footnotes":""},"class_list":["post-11","page","type-page","status-publish","hentry"],"_links":{"self":[{"href":"https:\/\/sytec2025.crittm2a.com\/index.php?rest_route=\/wp\/v2\/pages\/11","targetHints":{"allow":["GET"]}}],"collection":[{"href":"https:\/\/sytec2025.crittm2a.com\/index.php?rest_route=\/wp\/v2\/pages"}],"about":[{"href":"https:\/\/sytec2025.crittm2a.com\/index.php?rest_route=\/wp\/v2\/types\/page"}],"author":[{"embeddable":true,"href":"https:\/\/sytec2025.crittm2a.com\/index.php?rest_route=\/wp\/v2\/users\/2"}],"replies":[{"embeddable":true,"href":"https:\/\/sytec2025.crittm2a.com\/index.php?rest_route=%2Fwp%2Fv2%2Fcomments&post=11"}],"version-history":[{"count":8,"href":"https:\/\/sytec2025.crittm2a.com\/index.php?rest_route=\/wp\/v2\/pages\/11\/revisions"}],"predecessor-version":[{"id":358,"href":"https:\/\/sytec2025.crittm2a.com\/index.php?rest_route=\/wp\/v2\/pages\/11\/revisions\/358"}],"wp:attachment":[{"href":"https:\/\/sytec2025.crittm2a.com\/index.php?rest_route=%2Fwp%2Fv2%2Fmedia&parent=11"}],"curies":[{"name":"wp","href":"https:\/\/api.w.org\/{rel}","templated":true}]}}