{"id":186,"date":"2025-10-20T17:08:38","date_gmt":"2025-10-20T15:08:38","guid":{"rendered":"https:\/\/sytec2025.crittm2a.com\/?page_id=186"},"modified":"2025-10-20T17:08:38","modified_gmt":"2025-10-20T15:08:38","slug":"ce-qui-a-ete-le-plus-apprecie","status":"publish","type":"page","link":"https:\/\/sytec2025.crittm2a.com\/?page_id=186","title":{"rendered":"Ce qui a \u00e9t\u00e9 le plus appr\u00e9ci\u00e9"},"content":{"rendered":"\n<figure class=\"wp-block-image size-large\"><img loading=\"lazy\" decoding=\"async\" width=\"1024\" height=\"576\" src=\"https:\/\/sytec2025.crittm2a.com\/wp-content\/uploads\/2025\/10\/Story-Instagram-Avis-Client-Moderne-Marron-et-Beige-1920-x-1080-px-1024x576.jpg\" alt=\"\" class=\"wp-image-181\"\/><\/figure>\n","protected":false},"excerpt":{"rendered":"","protected":false},"author":2,"featured_media":0,"parent":0,"menu_order":0,"comment_status":"closed","ping_status":"closed","template":"","meta":{"footnotes":""},"class_list":["post-186","page","type-page","status-publish","hentry"],"_links":{"self":[{"href":"https:\/\/sytec2025.crittm2a.com\/index.php?rest_route=\/wp\/v2\/pages\/186","targetHints":{"allow":["GET"]}}],"collection":[{"href":"https:\/\/sytec2025.crittm2a.com\/index.php?rest_route=\/wp\/v2\/pages"}],"about":[{"href":"https:\/\/sytec2025.crittm2a.com\/index.php?rest_route=\/wp\/v2\/types\/page"}],"author":[{"embeddable":true,"href":"https:\/\/sytec2025.crittm2a.com\/index.php?rest_route=\/wp\/v2\/users\/2"}],"replies":[{"embeddable":true,"href":"https:\/\/sytec2025.crittm2a.com\/index.php?rest_route=%2Fwp%2Fv2%2Fcomments&post=186"}],"version-history":[{"count":2,"href":"https:\/\/sytec2025.crittm2a.com\/index.php?rest_route=\/wp\/v2\/pages\/186\/revisions"}],"predecessor-version":[{"id":188,"href":"https:\/\/sytec2025.crittm2a.com\/index.php?rest_route=\/wp\/v2\/pages\/186\/revisions\/188"}],"wp:attachment":[{"href":"https:\/\/sytec2025.crittm2a.com\/index.php?rest_route=%2Fwp%2Fv2%2Fmedia&parent=186"}],"curies":[{"name":"wp","href":"https:\/\/api.w.org\/{rel}","templated":true}]}}